rue
Is 5563957 a multiple of 2?
False
Is 532 a factor of 683625611?
False
Is 772668243 a multiple of 556?
False
Does 60 divide 144799424?
False
Is 61 a factor of 850889?
True
Does 336 divide 28472976?
True
Is 10 a factor of 1863211067?
False
Does 27 divide 331188129?
True
Is 1523 a factor of 23298827?
False
Is 66 a factor of 49308666?
True
Is 154 a factor of 207493799?
False
Is 100 a factor of 5861813700?
True
Is 214 a factor of 52074753?
False
Is 1606623821 a multiple of 8173?
True
Is 16428834 a multiple of 954?
True
Is 25263591 a multiple of 69?
True
Is 63494277 a multiple of 387?
False
Is 1488462635 a multiple of 965?
False
Is 764316261 a multiple of 521?
False
Is 366 a factor of 288584778?
True
Does 14 divide 235863826?
False
Is 2004200394 a multiple of 1158?
True
Is 121 a factor of 68721427?
False
Is 107324695 a multiple of 15?
False
Is 13 a factor of 1221610?
True
Does 98 divide 5821941?
False
Is 5368 a factor of 1506877346?
False
Does 10 divide 728822015?
False
Does 6 divide 174911695?
False
Does 89 divide 1166716130?
True
Does 8327 divide 1959684507?
True
Is 69 a factor of 15083944?
False
Is 2416890167 a multiple of 499?
False
Is 13315690 a multiple of 122?
True
Is 102419120 a multiple of 304?
True
Is 89 a factor of 16126178?
False
Does 15 divide 3767235?
True
Does 1108 divide 1947870648?
True
Does 263 divide 879283946?
False
Is 513080813 a multiple of 259?
True
Is 3282876 a multiple of 2034?
True
Is 17413128 a multiple of 36?
True
Is 5 a factor of 173146595?
True
Does 449 divide 19226355?
False
Is 62 a factor of 56286612?
False
Is 153 a factor of 100047612?
False
Is 921 a factor of 3887758?
False
Is 7 a factor of 10732568?
True
Does 113 divide 402725559?
True
Is 3283642706 a multiple of 16?
False
Is 2527 a factor of 24539624?
False
Does 1171 divide 115708374?
False
Does 386 divide 162420483?
False
Does 428 divide 103934653?
False
Does 1687 divide 59532375?
False
Is 43 a factor of 591147993?
False
Is 60247460 a multiple of 13?
True
Is 21766827 a multiple of 709?
False
Is 3679586 a multiple of 41?
True
Is 39551850 a multiple of 30?
True
Is 7 a factor of 40559540?
True
Is 16 a factor of 81264975?
False
Does 1990 divide 2540993190?
True
Is 615 a factor of 8621685?
True
Is 116285918 a multiple of 7?
True
Does 81 divide 483267384?
True
Is 19 a factor of 3605293854?
False
Is 1053501 a multiple of 30?
False
Is 30 a factor of 27641250?
True
Does 289 divide 705096420?
True
Is 537844916 a multiple of 3317?
True
Does 118 divide 93674083?
False
Is 13 a factor of 45385148?
False
Is 2007 a factor of 12192525?
True
Does 166 divide 239973225?
False
Is 15 a factor of 289881630?
True
Does 1923 divide 39151798?
False
Does 776 divide 207089568?
True
Is 331 a factor of 44046832?
True
Is 45 a factor of 222049170?
True
Is 2533 a factor of 1366049433?
True
Is 2034 a factor of 27302382?
True
Is 3305325347 a multiple of 1575?
False
Is 420682561 a multiple of 36?
False
Does 230 divide 165592410?
True
Does 2 divide 4067473?
False
Does 9 divide 11199347?
False
Is 17369261 a multiple of 13?
True
Is 166 a factor of 185029576?
True
Does 700 divide 120754443?
False
Does 192 divide 780017004?
False
Is 11 a factor of 15152192?
True
Does 36 divide 50949180?
True
Does 102 divide 1070796?
True
Is 765104665 a multiple of 13?
True
Does 688 divide 318777568?
False
Does 5 divide 408641135?
True
Is 39 a factor of 3128328?
False
Is 13166010 a multiple of 234?
True
Is 110 a factor of 29091040?
True
Is 521 a factor of 231605861?
True
Does 5 divide 15265240?
True
Does 809 divide 15417392?
False
Is 426 a factor of 8766654?
True
Is 101 a factor of 4691396?
False
Does 221 divide 945491040?
True
Does 103 divide 37164607?
False
Is 41 a factor of 1555197404?
True
Is 82079553 a multiple of 2248?
False
Does 98 divide 119965622?
True
Is 3617019056 a multiple of 258?
False
Is 236 a factor of 426740033?
False
Is 295 a factor of 751277880?
False
Does 5 divide 64695221?
False
Does 343 divide 9856967?
False
Is 4564 a factor of 460763184?
True
Does 9 divide 1974219?
False
Does 5 divide 28456740?
True
Is 191108985 a multiple of 255?
True
Does 252 divide 12991357?
False
Is 149 a factor of 113921196?
False
Is 25835293 a multiple of 4?
False
Is 45 a factor of 1558530?
True
Is 47 a factor of 41777341?
False
Does 4854 divide 2059506381?
False
Does 1752 divide 25057104?
True
Does 1688 divide 2995599072?
True
Is 37709667 a multiple of 129?
True
Is 25 a factor of 40751775?
True
Is 13615 a factor of 2122728265?
True
Is 128524555 a multiple of 2584?
False
Does 11 divide 338783333?
False
Is 973 a factor of 141387977?
False
Does 8 divide 46179328?
True
Does 1580 divide 63124160?
True
Is 28681156 a multiple of 14?
True
Is 669709408 a multiple of 32?
True
Does 70 divide 3690918?
False
Does 75 divide 368639768?
False
Does 17 divide 436986785?
True
Does 365 divide 2080456565?
True
Does 7 divide 300948344?
False
Does 283 divide 438468179?
False
Is 140622626 a multiple of 7?
False
Is 33146380 a multiple of 10?
True
Does 21 divide 418347762?
True
Is 538103247 a multiple of 257?
False
Is 7 a factor of 17078813?
False
Is 276899818 a multiple of 26?
True
Does 8369 divide 1747330034?
True
Is 2182802363 a multiple of 833?
True
Does 3286 divide 126925789?
False
Does 9 divide 89200475?
False
Does 38 divide 641577171?
False
Does 427 divide 107806161?
False
Does 300 divide 612304242?
False
Is 22 a factor of 516101637?
False
Does 115 divide 156167470?
True
Is 155947050 a multiple of 1395?
True
Does 546 divide 6385202?
False
Is 7659288 a multiple of 6?
True
Is 21032597 a multiple of 39?
False
Is 73068000 a multiple of 10?
True
Does 39 divide 112887294?
True
Is 45276432 a multiple of 2186?
True
Is 795227106 a multiple of 146?
True
Is 43156804 a multiple of 464?
False
Is 24 a factor of 459269808?
True
Is 5961980 a multiple of 23?
False
Is 832 a factor of 158916160?
True
Is 115189074 a multiple of 169?
False
Is 2 a factor of 495970784?
True
Is 190329790 a multiple of 410?
True
Does 4 divide 1520329422?
False
Is 355727988 a multiple of 362?
True
Does 6 divide 340727962?
False
Is 1106 a factor of 23456048?
True
Does 3 divide 19914655?
False
Does 1328 divide 632305952?
True
Does 13 divide 1384314724?
True
Is 480 a factor of 126807840?
True
Is 88 a factor of 48270791?
False
Does 60 divide 465030999?
False
Is 587363214 a multiple of 4111?
False
Is 465 a factor of 3102313?
False
Does 1060 divide 15444200?
True
Is 35 a factor of 155219225?
True
Is 75 a factor of 155819325?
True
Is 7144 a factor of 530845780?
False
Does 266 divide 116156692?
False
Is 181681305 a multiple of 365?
True
Is 10310626 a multiple of 30?
False
Is 155239890 a multiple of 390?
True
Is 990437 a multiple of 9?
False
Does 5 divide 35930866?
False
Does 2117 divide 521424798?
False
Does 5 divide 860035485?
True
Does 18 divide 12162636?
True
Does 17 divide 11896039?
True
Is 11 a factor of 76497380?
False
Is 128 a factor of 10912896?
True
Does 8351 divide 2645413078?
True
Is 469860384 a multiple of 184?
False
Is 117 a factor of 35048726?
False
Is 11770934 a multiple of 78?
False
Does 7 divide 8800190?
True
Is 7 a factor of 11434835?
False
Does 1049 divide 37924712?
False
Is 218 a factor of 3315846708?
True
Does 7 divide 73734535?
True
Is 5075128694 a multiple of 45?
False
Is 26 a factor of 622772332?
True
Is 786046761 a multiple of 695?
False
Is 363 a factor of 22678062?
True
Is 360 a factor of 46612961?
False
Is 14 a factor of 121383543?
False
Is 38 a factor of 17570878?
False
Does 26 divide 320795358?
True
Is 123748890 a multiple of 449?
True
Is 200 a factor of 47750800?
True
Is 45623598 a multiple of 432?
False
Does 2628 divide 22393680?
False
Is 215653555 a multiple of 20?
False
Does 2 divide 13086628?
True
Is 180472600 a multiple of 35?
True
Is 6 a factor of 6190584?
True
Is 132799220 a multiple of 819?
False
Does 1480 divide 224099056?
False
Is 825070083 a multiple of 3?
True
Does 11 divide 1134874899?
False
Does 1602 divide 31234194?
True
Is 401074743 a multiple of 177?
True
Is 436792918 a multiple of 37?
True
Does 2028 divide 2485208544?
True
Is 209 a factor of 120376997?
False
Does 302 divide 1936704?
False
Is 41584550 a multiple of 14?
True
Is 2724872063 a multiple of 237?
False
Does 4 divide 3470792?
True
Is 90551010 a multiple of 187?
True
Does 41 divide